{"id":6,"date":"2016-05-18T17:09:33","date_gmt":"2016-05-18T16:09:33","guid":{"rendered":"https:\/\/www.pere-gino-demenagement-58.com\/?page_id=6"},"modified":"2022-04-21T13:26:45","modified_gmt":"2022-04-21T12:26:45","slug":"demenageur","status":"publish","type":"page","link":"https:\/\/www.pere-gino-demenagement-58.com\/","title":{"rendered":"Demenageur"},"content":{"rendered":"<p><img loading=\"lazy\" decoding=\"async\" class=\"alignright size-full wp-image-11\" src=\"https:\/\/www.pere-gino-demenagement-58.com\/wp-content\/uploads\/2016\/05\/10.jpeg.jpg\" alt=\"10.jpeg\" width=\"317\" height=\"159\" srcset=\"https:\/\/www.pere-gino-demenagement-58.com\/wp-content\/uploads\/2016\/05\/10.jpeg.jpg 317w, https:\/\/www.pere-gino-demenagement-58.com\/wp-content\/uploads\/2016\/05\/10.jpeg-300x150.jpg 300w\" sizes=\"auto, (max-width: 317px) 100vw, 317px\" \/>Il s&#8217;av\u00e8re que d\u00e9m\u00e9nager rime avec maximum de d\u00e9penses. Pourtant, le <a href=\"https:\/\/demenageur.com\">d\u00e9m\u00e9nageur<\/a> peut all\u00e9ger ses frais de d\u00e9m\u00e9nagement en optant pour un devis gratuit puisqu&#8217;il existe beaucoup d&#8217;entreprises de d\u00e9m\u00e9nagement qui le proposent.<\/p>\n<h2>Le d\u00e9m\u00e9nagement<\/h2>\n<p>D\u00e9m\u00e9nager c&#8217;est changer de domicile pour les familles, de bureaux pour les entreprises louant des locaux en transportant les biens mobiliers. Comme dit auparavant, d\u00e9m\u00e9nager veut dire aussi d\u00e9penses non seulement sur le plan financier, mais aussi sur le plan organisationnel et temps. Pour qu&#8217;un d\u00e9m\u00e9nagement soit donc bien ordonn\u00e9, il faut savoir au pr\u00e9alable quand d\u00e9m\u00e9nager. Ce qui engendre par la suite une grande organisation. Plus la personne se pr\u00e9pare sur le d\u00e9m\u00e9nagement en retour les co\u00fbts et le stress est moindre. Mieux vaut donc pr\u00e9voir. Le moins co\u00fbteux est s\u00fbrement de s&#8217;occuper soi-m\u00eame des travaux de d\u00e9m\u00e9nagement, mais c&#8217;est beaucoup \u00e0 faire surtout si on a un grand volume \u00e0 transporter et une grande distance \u00e0 parcourir. C&#8217;est pourquoi il est pr\u00e9f\u00e9rable de faire appel \u00e0 des professionnels. \u00c0 savoir qu&#8217;on a le choix entre une formule \u00e9conomique et une formule compl\u00e8te. Il existe une diff\u00e9rence de cinquante pour cent entre ces deux formules de cinquante pour cent, car le d\u00e9m\u00e9nageur fait lui m\u00eame ses cartons pour la premi\u00e8re, et ne fait rien pour la deuxi\u00e8me.<\/p>\n<h2>La personne qui d\u00e9m\u00e9nage<\/h2>\n<p>Quand on d\u00e9cide vraiment de d\u00e9m\u00e9nager, la personne qui d\u00e9m\u00e9nage doit faire quelque chose m\u00eame s&#8217;il consulte une entreprise de d\u00e9m\u00e9nagement. Comme d\u00e9m\u00e9nager signifie changer d&#8217;adresse. La personne qui d\u00e9m\u00e9nage doit donc s&#8217;occuper des transferts administratifs et des formalit\u00e9s n\u00e9cessaires pour le d\u00e9m\u00e9nagement. Si la personne qui d\u00e9m\u00e9nage a lou\u00e9 \u00e9tait un locataire avant, il doit donner un pr\u00e9avis au propri\u00e9taire. Elle doit y mentionner sa date de d\u00e9part et la date de r\u00e9alisation de son pr\u00e9avis sans pour autant oublier sa signature. Il lui est aussi indispensable de contacter au pr\u00e9alable, un \u00e0 deux mois avant la date fix\u00e9e, des entreprises de d\u00e9m\u00e9nagement. Cette date de d\u00e9m\u00e9nagement est plus favorable pendant l&#8217;\u00e9t\u00e9 \u00e0 cause du climat. Particuli\u00e8rement pour le changement d&#8217;adresse familiale, c&#8217;est propice aux mutations d&#8217;\u00e9coles. Mais on peut \u00e9galement choisir les fins du mois et les fins d&#8217;ann\u00e9es. Ces entreprises de d\u00e9m\u00e9nagement sont charg\u00e9es de proposer aux gens qui d\u00e9m\u00e9nagent l&#8217;estimation de devis, de transporter ses biens mobiliers de l&#8217;ancienne vers la nouvelle adresse. Il a donc pour r\u00f4le de bien satisfaire la personne qui d\u00e9m\u00e9nage par les biais de ses services. Les entreprises de d\u00e9m\u00e9nagement doivent au pr\u00e9alable faire une visite au domicile \u00e0 quitter pour \u00e9valuer le volume \u00e0 d\u00e9placer. Il est \u00e0 noter que la personne qui d\u00e9m\u00e9nage doit toujours rester en contact avec son d\u00e9m\u00e9nageur pour d&#8217;\u00e9ventuelles questions avant, pendant, et m\u00eame apr\u00e8s le grand jour du d\u00e9m\u00e9nagement.<\/p>\n<h2>Le d\u00e9m\u00e9nagement<\/h2>\n<p>Quelques jours avant le jour J de d\u00e9m\u00e9nagement, le d\u00e9m\u00e9nageur ram\u00e8ne les cartons de d\u00e9m\u00e9nagement\u00a0chez la personne qui doit d\u00e9m\u00e9nager. Il est important que tout soit pr\u00eat avant l&#8217;arriv\u00e9e du camion du d\u00e9m\u00e9nageur. L&#8217;\u00e9quipe du d\u00e9m\u00e9nageur a le r\u00f4le de r\u00e9aliser les t\u00e2ches inh\u00e9rentes au d\u00e9m\u00e9nagement. Elle doit faire ma mise en housse des matelas et des sommiers. Les cartons doivent \u00eatre bien ferm\u00e9s par des papiers adh\u00e9sifs. Par ailleurs, il est tr\u00e8s utile d&#8217;indiquer sur chaque carton de d\u00e9m\u00e9nagement son contenu pour faciliter l&#8217;identification lors du d\u00e9ballage. Il faut aussi d&#8217;autre part marquer les hauts et bas des cartons pour \u00e9viter toute casse. Il est aussi obligatoire d&#8217;emballer avec pr\u00e9caution les objets fragiles et en marquant \u00ab FRAGILE \u00bb sur les cartons les contenant. Pour faciliter le transport et acc\u00e9l\u00e9rer les travaux des d\u00e9m\u00e9nageurs, c&#8217;est mieux de mettre les objets l\u00e9gers dans des grands cartons et ceux qui sont lourds dans des petites bo\u00eetes. Il faut laisser \u00e0 porter de mains les paperasses utiles ainsi que les cl\u00e9s et des choses \u00e0 grignoter parce qu&#8217;un d\u00e9m\u00e9nagement prend un long moment. Quand tout est emball\u00e9, on proc\u00e8de au chargement du camion avec les pr\u00e9cautions n\u00e9cessaires. M\u00eame si on a choisi un d\u00e9m\u00e9nagement o\u00f9 tout est pris en charge par le d\u00e9m\u00e9nageur, la pr\u00e9sence de la personne qui d\u00e9m\u00e9nage est vivement indispensable. Elle doit \u00eatre toujours l\u00e0 pendant le chargement dans la voiture de d\u00e9m\u00e9nagement jusqu&#8217;\u00e0 la livraison. Il faut aussi qu&#8217;elle v\u00e9rifie ses affaires en les d\u00e9ballant pendant que les d\u00e9m\u00e9nageurs sont encore l\u00e0. Lorsque tout est v\u00e9rifi\u00e9, elle peut signer la lettre de voiture afin de lib\u00e9rer l&#8217;\u00e9quipe de d\u00e9m\u00e9nageurs et commencer \u00e0 vous installer.<\/p>\n","protected":false},"excerpt":{"rendered":"<p>Il s&#8217;av\u00e8re que d\u00e9m\u00e9nager rime avec maximum de d\u00e9penses. Pourtant, le d\u00e9m\u00e9nageur peut all\u00e9ger ses frais de d\u00e9m\u00e9nagement en optant pour un devis gratuit puisqu&#8217;il existe beaucoup d&#8217;entreprises de d\u00e9m\u00e9nagement qui le proposent. Le d\u00e9m\u00e9nagement D\u00e9m\u00e9nager c&#8217;est changer de domicile pour les familles, de bureaux pour les entreprises louant des locaux en transportant les biens [&hellip;]<\/p>\n","protected":false},"author":1,"featured_media":0,"parent":0,"menu_order":0,"comment_status":"closed","ping_status":"closed","template":"","meta":{"_seopress_robots_primary_cat":"","_seopress_titles_title":"","_seopress_titles_desc":"","_seopress_robots_index":"","footnotes":""},"class_list":["post-6","page","type-page","status-publish","hentry"],"_links":{"self":[{"href":"https:\/\/www.pere-gino-demenagement-58.com\/index.php\/wp-json\/wp\/v2\/pages\/6","targetHints":{"allow":["GET"]}}],"collection":[{"href":"https:\/\/www.pere-gino-demenagement-58.com\/index.php\/wp-json\/wp\/v2\/pages"}],"about":[{"href":"https:\/\/www.pere-gino-demenagement-58.com\/index.php\/wp-json\/wp\/v2\/types\/page"}],"author":[{"embeddable":true,"href":"https:\/\/www.pere-gino-demenagement-58.com\/index.php\/wp-json\/wp\/v2\/users\/1"}],"replies":[{"embeddable":true,"href":"https:\/\/www.pere-gino-demenagement-58.com\/index.php\/wp-json\/wp\/v2\/comments?post=6"}],"version-history":[{"count":6,"href":"https:\/\/www.pere-gino-demenagement-58.com\/index.php\/wp-json\/wp\/v2\/pages\/6\/revisions"}],"predecessor-version":[{"id":18,"href":"https:\/\/www.pere-gino-demenagement-58.com\/index.php\/wp-json\/wp\/v2\/pages\/6\/revisions\/18"}],"wp:attachment":[{"href":"https:\/\/www.pere-gino-demenagement-58.com\/index.php\/wp-json\/wp\/v2\/media?parent=6"}],"curies":[{"name":"wp","href":"https:\/\/api.w.org\/{rel}","templated":true}]}}